 50 - -38. Calculate the greatest common divisor of x and t.
8
Let l = 226 + -149. Let m(u) = u**2 - 3*u - 7. Let r be m(6). Calculate the highest common divisor of l and r.
11
Let d(i) = i - 2. Let v be d(9). Suppose 5*y - 87 = -4*j, -j - 10 = -2*y - 48. Calculate the greatest common factor of j and v.
7
Suppose 9*u = 4*u + c + 96, -u = -5*c. Calculate the greatest common factor of 50 and u.
10
Suppose -11*x + 12*x - 64 = 0. Calculate the highest common divisor of 16 and x.
16
Let f be (-26*2/(-16))/((-1)/(-8)). What is the greatest common divisor of 91 and f?
13
Let d(k) = 24*k**2 + k. Suppose -1 = p - 2. Let x be d(p). What is the greatest common divisor of 10 and x?
5
Let z = 1 - 0. Let x be -65*(0 + z + 0). Let d = 121 + x. What is the greatest common divisor of d and 14?
14
Let l = -19 - -22. Suppose -l*q = -4*q + 319. Calculate the greatest common divisor of 29 and q.
29
Suppose 0 = 38*g - 41*g + 33. Calculate the greatest common divisor of 77 and g.
11
Suppose 11 + 1 = 4*t. Suppose -2 = -2*s - 2*v, 3*s + t*v = -s + 5. What is the greatest common divisor of s and 14?
2
Let g = 23 - 13. Let i = g - 6. Suppose -19 = 4*x - 131. What is the greatest common factor of x and i?
4
Let y be 3/12 - 1/4. Let t = 32 - y. What is the highest common factor of t and 80?
16
Let t = -17 + 45. Calculate the highest common factor of 14 and t.
14
Let f(h) = -102*h + 2. Let m be f(-1). What is the greatest common divisor of 26 and m?
26
Let k = -1 + -25. Let w = k + 42. What is the highest common divisor of w and 32?
16
Let p be ((-1)/(-2))/((-6)/(-216)). Let h = p - -108. What is the highest common factor of h and 18?
18
Suppose 0*i + 6 = 2*o + i, 0 = -2*o - 2*i + 6. Let q(r) = r**2 + r - 1. Let p be q(1). Calculate the greatest common factor of p and o.
1
Suppose -4*n + 0*b - b + 15 = 0, -2*n = b - 5. Calculate the highest common divisor of 15 and n.
5
Let n = 70 + -56. Calculate the greatest common divisor of n and 14.
14
Suppose -2*k + 74 = 3*k - 4*r, -5*k + 67 = 3*r. What is the highest common factor of 126 and k?
14
Let r be (-4)/14 - (-46)/14. Let l = r - 1. Suppose 0 = l*f + 8, -3*h - 40 = -4*h + f. Calculate the highest common divisor of 9 and h.
9
Let d(i) = 14*i - 6. Let n be d(6). Calculate the highest common divisor of n and 52.
26
Let h(l) = l**2 + l + 4. Let s be h(-3). What is the highest common divisor of s and 20?
10
Let n = -78 + 238. Suppose 3*w = -w + n. Suppose 0 = -3*r - r + w. What is the greatest common factor of 80 and r?
10
Let r(x) = 3*x**2 + 1. Let d be r(-1). Suppose 0*y + 396 = d*y. What is the greatest common factor of y and 11?
11
Let x be (-6)/27 + (-14)/18. Let z be 36 + (3 - 1)/x. Let f be (z/3)/((-4)/(-6)). Calculate the highest common divisor of 85 and f.
17
Let r be ((-90)/25 - -4) + (-128)/(-5). Calculate the greatest common divisor of r and 2.
2
Let b(l) = l**3 + 5*l**2 - 2*l - 5. Let d be b(-4). Let n be (0 - -268) + (1 - 3). Suppose -y + n = y. Calculate the greatest common divisor of y and d.
19
Let x(c) = c**2 - 3*c - 3. Let w be x(-3). Calculate the highest common factor of 15 and w.
15
Suppose 3*p = p + 12. Let b(i) = -23*i - 9. Let m(q) = -15*q - 6. Let w(f) = -5*b(f) + 7*m(f). Let g be w(p). Calculate the highest common factor of 9 and g.
9
Suppose -6*s = -3*s - 45. Calculate the greatest common divisor of 285 and s.
15
Let x be 3*2 + (5 - 3). Let b be -3*(-2 - 122/(-3)). Let c = 204 + b. Calculate the highest common factor of c and x.
8
Suppose 2*c + 18 = 2*f, -5*c = -3*f + 2*f + 25. Suppose -27 = f*a + j - 521, -5*j = -3*a + 302. Calculate the highest common divisor of 11 and a.
11
Suppose -5*h + h + 5*x + 552 = 0, h - 4*x - 127 = 0. Calculate the greatest common divisor of 13 and h.
13
Suppose 0*o = -2*o + 1266. Suppose 3*t + o = 3*p, -2*t = -p + 3*p + 402. Let v be 2/5 + t/(-10). Calculate the highest common factor of v and 7.
7
Suppose -168 = 5*v - 12*v. Let i(f) = 6*f**3 + 2*f**2 + f. Let m be i(-1). Let y = 13 + m. Calculate the highest common divisor of y and v.
8
Suppose p = -3*h + 69, -h - 4*p + 9 = p. Calculate the highest common divisor of h and 8.
8
Suppose 3*g = g - 14. Let i be g/((-3 + 0)/3). Calculate the greatest common divisor of 21 and i.
7
Suppose 3*d = -5*g + 33, d - 2*d = g - 11. Calculate the highest common divisor of 44 and d.
11
Let d(u) = 197*u**2 + 3*u - 2. Let f be d(1). What is the greatest common divisor of 22 and f?
22
Let n(v) = v - 2. Let i be n(-4). Let w be i/3 + 4*3. Calculate the greatest common factor of 10 and w.
10
Let i be -1 + 4 + 30 - -3. What is the greatest common factor of i and 90?
18
Let t be (10/(-3))/((-3)/36). Let l = -5 - -21. What is the highest common divisor of l and t?
8
Let s(n) = -n**2 + 21*n - 63. Let h be s(14). What is the greatest common factor of 15 and h?
5
Suppose 0 = -2*j - 0 + 6. Let g be -2 - 11*(j + -10). Suppose -2*n = 2*w - 60, 2*w = 3*n - 8*n + 60. What is the greatest common divisor of w and g?
15
Suppose 6*w - 3*w - 333 = 0. What is the greatest common factor of 37 and w?
37
Let n(u) = -u**3 + 10*u**2 - u + 2. Let v(o) = -7*o**3 - 2*o**2 - 2*o - 1. Let i be v(-1). Let s be n(i). Calculate the highest common factor of s and 20.
20
Suppose 3*l + 27 = 2*q, 2*l = 5*q - l - 72. Let d(w) = -18*w + 3. Let f be d(-4). What is the highest common factor of f and q?
15
Suppose 3*t - 109 = -43. What is the highest common divisor of 55 and t?
11
Let a be -6*(-1)/(-3)*-4. Let t = -5 + a. Suppose -2*d + t + 3 = 0. Calculate the highest common factor of d and 15.
3
Let a = 2 + 18. Calculate the highest common divisor of 4 and a.
4
Suppose c - 3 = -0*c. Suppose 3 + c = 3*y. Let r be ((-12)/15)/((-4)/10). Calculate the highest common factor of r and y.
2
Suppose -10*d + 5*d = -725. Calculate the greatest common factor of d and 29.
29
Let z(p) = p**3 - 3*p**2 - 4*p + 6. Let w be z(4). Let h be (8/(-24))/(1/w). Let n be -60*(h - -4)/(-4). What is the highest common divisor of 6 and n?
6
Suppose 5*c = z - 53, -z + 6*z - c - 145 = 0. Suppose 12 = -2*k - 22. Let s = k + z. What is the greatest common factor of 55 and s?
11
Let h = 3 + 1. Calculate the greatest common divisor of h and 6.
2
Let x be 328*-3*(-1)/6. Suppose -4*n + 0*r + 112 = 4*r, 5*n = r + x. What is the greatest common factor of 4 and n?
4
Let g = -60 + 185. What is the greatest common divisor of g and 25?
25
Let r = 35 + -9. Suppose 5*h = b - 88, 6*b - 318 = 2*b + 3*h. Calculate the highest common factor of b and r.
26
Let h(a) = 51*a + 3. Let y be h(1). What is the highest common divisor of 6 and y?
6
Let p = -9 + 14. What is the highest common factor of p and 5?
5
Suppose 2*d - 2*p = -3*d + 40, 0 = 4*p. What is the highest common divisor of 16 and d?
8
Suppose -15 = -11*a + 8*a. Let l(c) = -c**2 + 6*c - 4. Let n be l(a). Calculate the highest common factor of n and 5.
1
Suppose -2*n - d - 3 = 0, 4 = -5*n - 2*d - 2. Let b = n + 63. Suppose -5*v = -15 - 20. What is the greatest common factor of b and v?
7
Suppose 0 = -7*v + 10 + 88. Let i = -156 - -282. What is the greatest common divisor of i and v?
14
Let l(s) = -12*s - 3. Let y be l(-7). Suppose y = 2*u + u. What is the greatest common divisor of 9 and u?
9
Let g be 4/6 + 4/(-6). Let m = 6 - g. What is the highest common divisor of 3 and m?
3
Let o(f) = 2*f**2 - 2*f. Let h be o(-2). Let m = 71 + 37. Calculate the highest common factor of h and m.
12
Let o = -11 - -21. Calculate the greatest common divisor of o and 10.
10
Suppose k + 4*k = 355. Suppose -5*d = -k - 34. Suppose -3*h - 2*h = -35. What is the highest common divisor of h and d?
7
Suppose 5*i - 4*o = 17, 0*i + 2*i - o = 8. Calculate the greatest common divisor of 3 and i.
1
Let v(h) = 2*h + 28. Let b be v(-4). What is the highest common divisor of b and 4?
4
Let f be ((7 - 1) + 0)*14/21. What is the greatest common divisor of f and 6?
2
Suppose 94 = r - y, -209 = -2*r - 10*y + 5*y. Let o = 493 - r. What is the highest common factor of 36 and o?
36
Let x = 47 - 20. Let b(h) = -h**3 - 2*h**2 + 3*h + 2. Let s be b(-3). Suppose s*l - 1 = 5. What is the highest common divisor of l and x?
3
Suppose -j = -0*j - 5*k + 16, 0 = -4*j + 2*k + 8. Calculate the greatest common divisor of 4 and j.
4
Let k(p) = -p**3 + 10*p**2 - 17*p - 9. Let w be k(6). Calculate the highest common divisor 